 + 7. Let r = 127 - 122. Let n(w) = -w**2 + 3*w - 1. Let k(u) = r*n(u) + a(u). Calculate k(12).
-34
Let n(d) be the third derivative of d**8/20160 - d**6/360 + d**5/12 + d**3/6 + 64*d**2. Let c(g) be the third derivative of n(g). What is c(-4)?
14
Let l(t) be the first derivative of t**4/4 - 8*t**3/3 + 15*t**2/2 - 3*t + 203. Give l(7).
53
Let f(o) = -o**2 - 12*o + 16. Suppose 40*r - 47 = 4*z + 35*r, 0 = -3*z + 3*r - 33. Determine f(z).
48
Let c(g) = -g**2 + 26*g - 24. Let m be (-4 + -3 + 3)*(-55)/10. Give c(m).
64
Let x(f) = -7*f**2 - 55*f - 72. Let o(i) = 3*i**2 + 27*i + 38. Let r(a) = -9*o(a) - 4*x(a). What is r(25)?
-4
Let a(c) = -2*c**2 + 44*c + 52. Suppose -3*s = -5*r + 103, 446 = -r - 2*s + 477. What is a(r)?
6
Let q(z) = 3171 - 6*z**2 - 2*z**2 + 67*z + 2*z**2 - 3189. Determine q(11).
-7
Let m(z) = 9*z**2 - z + 1. Let g = -132 + 136. Suppose d = n + 5*d - 17, -3*d = -g*n - 8. What is m(n)?
9
Let x(a) = -4*a**3 + 5*a**2 + 3*a + 1. Let l(w) = -7*w**3 + 10*w**2 + 5*w + 1. Let p(j) = -3*l(j) + 5*x(j). Determine p(4).
-14
Let m(s) be the first derivative of s**3/3 + 7*s**2 + s + 3180. Give m(-15).
16
Let j be 0 + (-6)/(30/(-25)). Let k be (8/j)/(11/(165/(-6))). Let y(d) = -d - 6. Let v(u) = u + 5. Let s(r) = -3*v(r) - 2*y(r). Determine s(k).
1
Let g(c) be the first derivative of -3/2*c**2 + 2*c - 116 + 1/3*c**3. Calculate g(5).
12
Let d(w) = w**2 - 12*w - 72. Let c(k) = k**3 + 28*k**2 - 163*k - 3075. Let m be c(-30). Determine d(m).
-27
Let y(o) = -1014 + 9*o + 4049 - 1012 - 1017 - 1015. Determine y(2).
9
Let l(t) = -4*t + 30. Let m be l(7). Let r be 8/(-2)*-1 - m. Let f(s) = -s**r - 9 + 3*s - 10*s + 2*s + 2. What is f(-6)?
-13
Suppose 51*f - 3*f - 248 = -14*f. Let d(w) = 19*w - 2. Determine d(f).
74
Let b(g) = -g**2 - g - 1. Let c(p) = 3*p**2 + 4. Let s(y) = 4*b(y) + c(y). Suppose -90*a + 58*a = 128. Calculate s(a).
0
Let s = 10 + -19. Let v(o) = o**2 - 11*o + 4*o + 17*o + 2*o**2 - 2*o**2 + 7. Determine v(s).
-2
Let y(j) = -2*j - 7. Let x be y(-6). Let k = -213 + 216. Let f(t) = -4 - 186*t + 189*t - 4*t**2 + k*t**2. What is f(x)?
-14
Let y be 4 + 4 + -5 + 37. Let h be 310/y + (-3)/4. Let i(g) = 2 + h*g + 5*g**2 + 0*g - 3*g. Calculate i(-2).
14
Suppose o = -2*t - 10, 5*o + 214*t + 44 = 210*t. Let m(c) = 4*c - 2 - 3*c - 2*c. Calculate m(o).
6
Let f(b) = -6*b - 4. Let o be ((-1)/((-2)/(-2)))/(1/2). Calculate f(o).
8
Let w(j) = -j**2 + 7*j - 8. Suppose -3*i = 4*a + 69, 3*a - 2*a - 2*i + 31 = 0. Let h be (20*18/(-630))/((-2)/98). Let n = a + h. Calculate w(n).
-8
Let s = 6 + 1. Let u = -1 + s. Let v(i) = 21*i**3 - 6*i**2 - 565*i - 10. Let z(q) = 2*q**3 - q**2 - 52*q - 1. Let g(t) = -v(t) + 11*z(t). Give g(u).
-7
Let p(z) be the second derivative of -7*z**4/12 - 21*z**3/2 + 3*z**2 - z - 1207. What is p(-9)?
6
Let n(j) be the first derivative of -j**3/3 + 11*j**2 + 201*j - 4256. Give n(-7).
-2
Suppose -5*c = y + 4*y - 25, 4*y = -c + 14. Let j(v) be the third derivative of 0 + 0*v - 1/3*v**3 - 168*v**2 - 1/12*v**4. Calculate j(c).
-6
Let z(h) = -10*h**3 - 2*h**2 - 2*h - 1. Let b = -554 + 553. Give z(b).
9
Let n(d) be the third derivative of d**4/24 - 7*d**3/3 + 3*d**2. Let z(t) = -977*t + 3914. Let f be z(4). What is n(f)?
-8
Let d = 20219 - 20213. Let g(s) = s**3 - 6*s**2 + 24*s - 144. What is g(d)?
0
Let o(b) be the third derivative of -b**5/30 + b**4/2 + 5*b**3/6 - 74*b**2 + 2. Determine o(6).
5
Let o(b) = b**2 + 7*b - 3. Suppose 0 = -w + 3*c - 5, -30 = -5*w + c + 3*c. Suppose 0 = 2*k - w, -q = q - 5*k - 71. Suppose 0 = -5*i + 8 - q. What is o(i)?
5
Let x(a) = -a**2 + 12*a - 4. Suppose -106 = -5*o + 434. Suppose -2*g - 7*g = -o. Calculate x(g).
-4
Suppose 2*z + 2 = 0, -19*i + z + 3 = -17*i. Let v(q) = q**2 + 1. Let j(a) = -7*a**2 - 9*a - 8. Let w(s) = i*j(s) + 6*v(s). Give w(-7).
12
Let z(r) = -81*r - 8918. Let u be z(-110). Let n(b) = 23*b + 177. Give n(u).
-7
Let d(v) = -6*v**3 - v**2 + v + 1. Let p = 211 - 256. Let i(m) = m**3 + 47*m**2 + 90*m - 1. Let n be i(p). Give d(n).
5
Let u(v) = v - 1. Let t(x) = -9*x + 6. Let g(w) = -t(w) - 4*u(w). Suppose -62*s + 58*s - 2*k = -56, 0 = 3*s + k - 40. Suppose -13*l + s = -7*l. What is g(l)?
8
Let t(s) = -8*s**3 - 5*s + 3. Let b(w) be the first derivative of -21*w**4/4 - 7*w**2 + 8*w + 190. Let c(q) = 3*b(q) - 8*t(q). What is c(2)?
4
Let u(z) = 57*z + z**2 - 164*z - 6 + 50*z + 56*z. Calculate u(5).
14
Let x(h) = 62*h - 319. Let y be (-30)/(-4 - (7 - (-3 + 8))). Determine x(y).
-9
Let r(l) = -2*l + 4. Let a(i) = -4*i + 22. Let w be a(5). Let z be (w - -1 - 1)*9/2. Give r(z).
-14
Let q(o) be the first derivative of -5*o**2 + 1. Let h be (1 - (-1794)/10) + 44/(-110). Suppose h*z = 183*z + 3. Give q(z).
10
Let c(m) = m**2 - 6*m + 2. Let h be c(5). Let f(q) be the third derivative of -q**5/60 - q**4/6 + q**3/3 + 11314*q**2 + 2. Calculate f(h).
5
Let p(r) = -r**2 - 20*r - 4. Let v be p(-18). Suppose 26*w - 36 = v*w. Let g = -9 - w. Let c(i) = -i + 1. What is c(g)?
4
Let v(t) = -330*t - 328*t - 14 + 967*t - 329*t. Determine v(0).
-14
Let k(z) be the third derivative of -z**9/60480 + z**7/5040 - z**6/720 - 2*z**5/15 + z**2 - 35*z. Let j(h) be the third derivative of k(h). What is j(-2)?
5
Suppose -41*r - 42 - 111 = 10*r. Let q(w) = 25*w + 8. Calculate q(r).
-67
Suppose -114*b - 547 = 707. Let l(y) = 4*y + 16. Give l(b).
-28
Let y(q) = q**2 + 119*q + 67. Let a(r) = -r**2 - 99*r - 67. Let k(j) = 7*a(j) + 6*y(j). Determine k(15).
23
Let f(w) be the first derivative of -2*w**3/3 - 2*w**2 - 7*w - 512. What is f(-3)?
-13
Let b = 148 + -150. Let l be 2 - b - (4 + -7). Let s(t) = -3 - l*t**2 + t**3 + 64*t - 35*t - 28*t. Calculate s(7).
4
Let a(z) = 4*z - 6. Suppose s - 69 - 27 = -5*l, -4*l - 2*s = -78. Determine a(l).
70
Suppose -320*u = -336*u - 32. Let s(t) = -t**3 - t - 4. Give s(u).
6
Suppose 0*p = 2*s - 3*p + 4, 3*p - 32 = -5*s. Let x(v) = 0*v**2 + v**2 + 3 - s - 13*v. Let c be ((-42)/(-28))/(-6 + (-159)/(-26)). Determine x(c).
-1
Let a(h) be the first derivative of h**3/3 - 11*h**2/2 + 7*h - 70332. Let q = -20 - -29. What is a(q)?
-11
Let o be -3*(-6)/9 + 2. Let t(c) be the second derivative of c**4/12 - c**3/3 - 5*c**2/2 + 506*c. Determine t(o).
3
Let q(j) = j**2 + j + 4. Suppose -8*g + 8 = -152. Let p = g + -64. Let d = p + 44. Determine q(d).
4
Let j(a) be the third derivative of a**5/12 - 13*a**4/12 + 5*a**3/3 + 12*a**2. Let h(b) = 3*b**2 - 17*b + 7. Let m(w) = -8*h(w) + 5*j(w). Determine m(-6).
-6
Suppose 3*q = 4*c - q - 80, -100 = -5*c - 4*q. Let s(i) = -2*i**3 + 41*i**2 - 19*i - 7. What is s(c)?
13
Suppose -3*a = 4*w - 172, -4*a + 0*a + 3*w = -271. Suppose x - 4 = -33*p + 28*p, 5*x = 3*p - a. Let b(h) = 2*h + 13. Give b(x).
-9
Let m(k) = -k**2 + 8*k + 1. Suppose -8*x + 10*x + 64 = 0. Let s = -2 + x. Let v = s - -42. Calculate m(v).
1
Let c(s) be the third derivative of s**6/10 + s**5/60 - s**3/6 + s**2. Let z(w) = 2*w**2 - 63*w + 117. Let v be z(2). Determine c(v).
-12
Let c(w) = 2*w + 1. Let u(k) = k + 20. Let x(b) = 2*b + 28. Let t(m) = -7*u(m) + 5*x(m). Let h(s) = 2*c(s) - 3*t(s). Give h(3).
-13
Let o(q) = -27*q - 392. Let c(g) = -72*g - 1039. Let a(v) = 7*c(v) - 19*o(v). Determine a(-17).
22
Let x(h) = -2*h**3 + h**2 + h - 4. Let l = 19635 - 19634. Give x(l).
-4
Let b(x) = -681 - 3*x - 2*x**2 + 342 + 337 - 25*x**3. Determine b(-1).
24
Suppose -2*v + 2 + 40 = 0. Suppose -p - 2*p + v = u, 0 = p - u - 3. Let h(q) = -3*q**3 + 23*q**2 + 4*q**3 - p - 29*q**2 + 4*q. Calculate h(5).
-11
Let r be (12 - 21 - 51/(-6))/((-5)/(-30)). Let s(b) = 3*b**2 + 11*b + 13. Calculate s(r).
7
Let k(l) = -2*l**3 + 9*l**2 - 34*l - 46. Let u(r) = 9*r**3 - 34*r**2 + 135*r + 181. Let z(m) = -13*k(m) - 3*u(m). What is z(-17)?
4
Let l be 60/9 - (-1342)/(-366). Let t(x) = -3*x**3 + 3*x**2 - 9*x + 26. Determine t(l).
-55
Let p(k) be the first derivative of 54 + 1/2*k**2 - 17*k. Give p(11).
-6
Let g(h) = -15398 + 15393 - 2*h + 4*h. Give g(3).
1
Let g(i) = -2*i - 15. Let d(c) = -c - 17. Let k(z) = -2*d(z) + 3*g(z). Determine k(-12).
37
Let r(a) = 2*a**3 + 14*a**2 - 2*a + 20. Let k be (408/28)/(-2) + (-32)/(-112). Calculate r(k).
34
Let o(a) = 5*a**2 + 7. Let v(g) = 7*g**2 - g + 7. Let m(n) = 4*o(n) - 3*v(n). Let y be m(-2). Let x(r) = -r**3 + 3*r + 1. Calculate x(y).
19
Let h(y) = -y**3 - y**2 + y - 4. Let c(x) = -6*x**2 - 8*x + 8. 